44.
40
What is the remainder when 8918 is divided by 74?
38
What is the remainder when 60100 is divided by 1335?
25
What is the remainder when 14445 is divided by 368?
93
What is the remainder when 2445 is divided by 700?
345
Calculate the remainder when 15395 is divided by 135.
5
What is the remainder when 26445 is divided by 825?
45
Calculate the remainder when 1141 is divided by 140.
21
What is the remainder when 5858 is divided by 604?
422
Calculate the remainder when 121077 is divided by 22.
11
Calculate the remainder when 94320 is divided by 13473.
9
Calculate the remainder when 46653 is divided by 467.
420
Calculate the remainder when 6730 is divided by 665.
80
What is the remainder when 13843 is divided by 70?
53
What is the remainder when 5788 is divided by 1929?
1
Calculate the remainder when 1388 is divided by 100.
88
What is the remainder when 220644 is divided by 133?
130
What is the remainder when 59359 is divided by 19786?
1
Calculate the remainder when 161162 is divided by 27.
26
What is the remainder when 21672 is divided by 1353?
24
What is the remainder when 98623 is divided by 240?
223
Calculate the remainder when 6574 is divided by 51.
46
What is the remainder when 442 is divided by 335?
107
Calculate the remainder when 6664 is divided by 6607.
57
Calculate the remainder when 11440 is divided by 31.
1
What is the remainder when 159856 is divided by 4?
0
What is the remainder when 58201 is divided by 61?
7
What is the remainder when 114732 is divided by 855?
162
What is the remainder when 5017183 is divided by 33?
28
Calculate the remainder when 36444 is divided by 84.
72
What is the remainder when 11546 is divided by 54?
44
What is the remainder when 435538 is divided by 54440?
18
Calculate the remainder when 39388 is divided by 196.
188
Calculate the remainder when 34470 is divided by 85.
45
Calculate the remainder when 2258 is divided by 201.
47
What is the remainder when 584904 is divided by 5?
4
What is the remainder when 907403 is divided by 347?
345
Calculate the remainder when 302710 is divided by 279.
274
Calculate the remainder when 112894 is divided by 5.
4
Calculate the remainder when 11996 is divided by 5967.
62
Calculate the remainder when 38533 is divided by 433.
429
What is the remainder when 1036 is divided by 20?
16
What is the remainder when 4454 is divided by 203?
191
What is the remainder when 38434 is divided by 72?
58
Calculate the remainder when 37212 is divided by 1554.
1470
Calculate the remainder when 15479 is divided by 10.
9
What is the remainder when 9354 is divided by 835?
169
Calculate the remainder when 1050 is divided by 419.
212
What is the remainder when 27152 is divided by 9003?
143
Calculate the remainder when 2646 is divided by 520.
46
What is the remainder when 113 is divided by 49?
15
Calculate the remainder when 35207 is divided by 5024.
39
Calculate the remainder when 3207833 is divided by 21.
20
Calculate the remainder when 49205 is divided by 518.
513
What is the remainder when 76584 is divided by 85?
84
Calculate the remainder when 88424 is divided by 277.
61
What is the remainder when 3020 is divided by 935?
215
Calculate the remainder when 14622 is divided by 132.
102
Calculate the remainder when 41013 is divided by 4512.
405
Calculate the remainder when 1262442 is divided by 31.
29
What is the remainder when 282 is divided by 66?
18
What is the remainder when 17047 is divided by 598?
303
What is the remainder when 1090 is divided by 318?
136
Calculate the remainder when 2228610 is divided by 1472.
2
Calculate the remainder when 68478 is divided by 21.
18
Calculate the remainder when 37679 is divided by 27.
14
Calculate the remainder when 185811 is divided by 103.
102
What is the remainder when 5331 is divided by 2657?
17
What is the remainder when 13220 is divided by 48?
20
What is the remainder when 12768 is divided by 33?
30
What is the remainder when 8632 is divided by 28?
8
Calculate the remainder when 19327 is divided by 644.
7
Calculate the remainder when 13878446 is divided by 2211.
2210
Calculate the remainder when 3712 is divided by 243.
67
What is the remainder when 248045 is divided by 922?
27
Calculate the remainder when 528 is divided by 477.
51
What is the remainder when 99145 is divided by 9914?
5
Calculate the remainder when 86888 is divided by 86851.
37
Calculate the remainder when 4367 is divided by 730.
717
Calculate the remainder when 81981 is divided by 183.
180
What is the remainder when 200574 is divided by 36?
18
Calculate the remainder when 3389 is divided by 668.
49
What is the remainder when 243379 is divided by 430?
429
Calculate the remainder when 856 is divided by 35.
16
What is the remainder when 25052 is divided by 8349?
5
Calculate the remainder when 828241 is divided by 19.
12
Calculate the remainder when 31444 is divided by 19.
18
What is the remainder when 19194 is divided by 30?
24
What is the remainder when 26117 is divided by 3264?
5
What is the remainder when 16247 is divided by 254?
245
What is the remainder when 3214 is divided by 60?
34
Calculate the remainder when 4598159 is divided by 340.
339
Calculate the remainder when 457707 is divided by 73.
70
What is the remainder when 110 is divided by 17?
8
What is the remainder when 608392 is divided by 40?
32
Calculate the remainder when 6569 is divided by 1641.
5
What is the remainder when 584974 is divided by 83?
73
Calculate the remainder when 1650 is divided by 119.
103
What is the remainder when 17459 is divided by 4362?
11
What is the remainder when 74576 is divided by 41?
38
Calculate the remainder when 701762 is divided by 14.
12
What is the remainder when 3970 is divided by 13?
5
What is the remainder when 13672 is divided by 6826?
20
What is the remainder when 38805 is divided by 19392?
21
What is the remainder when 27257 is divided by 59?
58
What is the remainder when 240306 is divided by 3482?
48
Calculate the remainder when 216086 is divided by 1214.
1208
Calculate the remainder when 32018 is divided by 311.
296
Calculate the remainder when 763 is divided by 75.
13
Calculate the remainder when 2272 is divided by 324.
4
What is the remainder when 4546 is divided by 788?
606
Calculate the remainder when 6983 is divided by 869.
31
Calculate the remainder when 142 is divided by 70.
2
What is the remainder when 2670 is divided by 742?
444
What is the remainder when 7431 is divided by 76?
59
What is the remainder when 8061 is divided by 24?
21
What is the remainder when 3339 is divided by 167?
166
What is the remainder when 32328 is divided by 217?
212
What is the remainder when 64733 is divided by 1652?
305
What is the remainder when 25547 is divided by 451?
291
Calculate the remainder when 72542 is divided by 36.
2
What is the remainder when 6721 is divided by 5510?
1211
What is the remainder when 244050 is divided by 591?
558
What is the remainder when 124868 is divided by 264?
260
What is the remainder when 2499038 is divided by 101?
96
Calculate the remainder when 43002 is divided by 7166.
6
What is the remainder when 15683 is divided by 309?
233
What is the remainder when 201897 is divided by 322?
3
Calculate the remainder when 118920 is divided by 38.
18
What is the remainder when 3124779 is divided by 1079?
1074
What is the remainder when 8793 is divided by 18?
9
What is the remainder when 152874 is divided by 251?
15
What is the remainder when 2435 is divided by 6?
5
Calculate the remainder when 16911 is divided by 111.
39
Calculate the remainder when 2939703 is divided by 154.
151
Calculate the remainder when 11422 is divided by 100.
22
Calculate the remainder when 22134 is divided by 164.
158
What is the remainder when 19443 is divided by 34?
29
What is the remainder when 6779 is divided by 555?
119
Calculate the remainder when 1852 is divided by 1004.
848
What is the remainder when 27476 is divided by 270?
206
What is the remainder when 177047 is divided by 29506?
11
Calculate the remainder when 710 is divided by 134.
40
What is the remainder when 126378 is divided by 20?
18
Calculate the remainder when 25938 is divided by 49.
17
Calculate the remainder when 710369 is divided by 4.
1
What is the remainder when 97724 is divided by 6513?
29
Calculate the remainder w